ens digit of m?
3
Let y(u) = -u**2 + u - 6. Let s be y(-8). Let p = 39 + s. Let j = p - -310. What is the hundreds digit of j?
2
Suppose 0 = -3*y - 18 + 42. Suppose 5*q + y = f, 5*f - f + 2*q = 10. What is the units digit of f/((27/237)/3)?
9
Suppose 108*y - 50232 = 101*y. Suppose 0 = o + 4*o - 3*j - y, 2*o = 3*j + 2874. What is the units digit of o?
4
Let o(j) = -3*j**3 + 5*j**2 - 2*j + 16. Let m be o(-5). Let h = m + -91. What is the tens digit of h?
3
Let j = -15 - -17. Let q(a) = 86*a + 7. Let c(y) = 1036*y + 84. Let h(t) = 3*c(t) - 35*q(t). What is the units digit of h(j)?
3
Let q = -14619 - -25457. What is the ten thousands digit of q?
1
Let g(z) = -140*z - 11. Let j(k) = 139*k + 10. Let a(c) = 2*g(c) + 3*j(c). What is the tens digit of a(6)?
3
Suppose 123*a - 2098359 - 2285730 = 0. What is the hundreds digit of a?
6
Let b = -6658 + 9415. Let a = b - 1402. What is the tens digit of a?
5
Let y be (3*10/(-8))/((-39)/208). Suppose y*c = 38 + 3742. What is the hundreds digit of c?
1
Suppose 0 = -5*d + 5, 3*v - 5*d = 2*v - 1. Let k be (-1 - -2)*(-4 - (-4)/v). What is the units digit of (-2 - k - -21) + 0?
2
Let d(k) = 61*k + 1885. What is the hundreds digit of d(50)?
9
Suppose l + 2*b = 4*b + 6, 0 = -4*l + 2*b - 6. Let q be -401 + ((-2)/l)/(4/(-8)). What is the units digit of (-5)/20 - q/8?
0
Let j be 5/(-5 + 3 + 3). Let d(w) be the third derivative of 23*w**4/24 + 29*w**3/3 + 3*w**2 - 4*w. What is the units digit of d(j)?
3
Suppose 2*m + 0*s - s = -88, 4*m - s = -178. Let q be 6*(-3)/m - 68/(-5). Suppose q*f - 618 = 2294. What is the tens digit of f?
0
Suppose -u + 0*h + 3*h = -35, 5*u + 4*h = 270. Suppose 5*o - u = q, 16 = -5*o + 2*q + 66. What is the tens digit of o?
1
Suppose 366532 = 27*s + 59*s. What is the units digit of s?
2
Let r(m) = 6*m**3 + 480*m**2 - 97*m - 147. What is the tens digit of r(-80)?
1
Let o(u) = -11 + 2*u**2 + 6*u + 1 - 5*u. Let p be o(-3). Suppose -4*l - 198 = -p*g, -3*g = l - 80 - 49. What is the tens digit of g?
4
Let r = 3538 - 1886. What is the hundreds digit of r?
6
Let d = 814 - 811. Suppose d*q - 5505 = -2*b - 3*b, 0 = 2*q + b - 3663. What is the units digit of q?
0
Let u = 22 - 19. Let q = u + -3. Suppose -5*x - 4*t + 315 = 0, -2*t + q*t = -10. What is the units digit of x?
9
Suppose -3*j - 2*x + 952 = 2*j, -3*j - 3*x + 564 = 0. Let h be j/20 + (-2)/(-5). Suppose h*z = -0*z + 1040. What is the tens digit of z?
0
Suppose -202399 + 112708 - 196824 = -45*d. What is the hundreds digit of d?
3
Let j(o) = -26*o - 91. Let v be j(9). Let i = v + 413. What is the units digit of i?
8
Suppose 25788 = 2*i - 5*s, i + 2*s = 656 + 12238. What is the thousands digit of i?
2
Let s = 152 + -147. Suppose s*a + f - 2*f - 1306 = 0, -4*a + 5*f = -1028. What is the units digit of a?
2
Suppose 0 = -4*y - g + 148, -5*y + 2*g + 211 = 39. What is the units digit of (-6286)/(-18) - y/162?
9
Let p(u) = -5*u**3 - 6*u - 7. Let t(k) = -3*k - 22. Let h be t(-8). Suppose 0 = -2*n - 8, 5*n + 4 + 12 = h*m. What is the tens digit of p(m)?
4
Suppose -751 - 1496 = -3*y. Let q be (-1)/(-2) - y/(-14). Suppose -2*s + 129 = -2*o + 29, s = 5*o + q. What is the tens digit of s?
4
Let c(q) = -2*q**3 - 50*q**2 - 26*q + 834. What is the thousands digit of c(-38)?
9
Let h(q) = 260*q**2 + 193*q + 938. What is the tens digit of h(-5)?
7
Let o(i) = -2*i**3 - 13*i**2 - 45*i - 5. Let v = -12 + 6. What is the hundreds digit of o(v)?
2
Suppose -5*c + 5*n + 91265 = 0, c - 154*n - 18265 = -149*n. What is the tens digit of c?
5
Let h(k) = -k**3 + 256*k**2 + 28*k - 240*k**2 + 2*k**3 + 15. Let r be h(-14). Suppose -129 = r*f - 16*f. What is the units digit of f?
9
Let g be (-4 - -5 - 1)/(-1). Suppose g = -5*k - 5, 2*q = 9*k - 12*k + 1575. What is the tens digit of q?
8
Let q(j) be the first derivative of j**4/4 + 5*j**3 + 4*j**2 - 7*j - 86. What is the units digit of q(-7)?
9
Let v be (0 - (-8)/12)*6. Let z be (-5)/(5*-2) - (-334)/v. Let s = -19 + z. What is the units digit of s?
5
Let v be 188/60 - 3 - (-4288)/15. Suppose -g - 4*z = -3*g + 572, g - v = z. Suppose -3*w - u = -g, -4*w - 4*u = -w - 280. What is the units digit of w?
6
What is the thousands digit of ((-53577)/(-135) + (-11)/(-33))*205/2?
0
Let h(k) = k**3 - 2*k**2 - 9*k + 9. Suppose -2*a - 4 = -3*a. Let w be h(a). Suppose w*p + 736 = 9*p. What is the hundreds digit of p?
1
Let l = -23229 + 28326. What is the units digit of l?
7
Suppose 0 = 14*o + 3 - 17. What is the units digit of 62*(9 - -3) + o + -4?
1
Let k = -20551 + 84313. What is the ten thousands digit of k?
6
Let f(d) = d**2 + 8*d + 12. Let o be f(-6). Suppose x - 438 = 5*g, -3*x - 270 = 3*g - o*x. Let n = -48 - g. What is the tens digit of n?
4
Suppose -10*l + 175365 = -338665. What is the ten thousands digit of l?
5
Let t = 54 + -54. Let l = 18 + -13. Suppose t*d + 4*s - 205 = -3*d, d + l*s = 50. What is the tens digit of d?
7
Suppose 24*u = 2501 - 173. Suppose -2*a = -354 + 138. Let w = u + a. What is the hundreds digit of w?
2
Suppose 0 = 5*x + 4*u - 30304 - 23116, 106840 = 10*x + 4*u. What is the ten thousands digit of x?
1
Let q be (-42)/28 - 93/2. Let m = q + 39. Let h = 58 - m. What is the tens digit of h?
6
Suppose -d = 4*d - 1735. Suppose 4*p - d = 2005. Suppose 6*y = 384 + p. What is the units digit of y?
2
Let n(i) be the first derivative of 18 - i**3 + 2*i + 2*i**2 + 1/4*i**4. What is the tens digit of n(5)?
7
Let j(h) = -2*h - 1. Let z(k) = 4*k + 11. Let u be z(-3). Let v(p) = -42*p - 16. Let r(b) = u*v(b) - 5*j(b). What is the units digit of r(2)?
5
Let k(s) = 4 - 427*s - 2 + 91*s + 15 - 1. What is the hundreds digit of k(-3)?
0
Let t(j) = 5288*j + 1468. What is the hundreds digit of t(4)?
6
Let i(m) = 1349*m - 2127. What is the ten thousands digit of i(13)?
1
Let q(k) = 2685*k**2 + 154*k + 19. What is the thousands digit of q(-4)?
2
What is the thousands digit of (14/4)/(33/(-2577696)*-8)?
4
Suppose 0 = 4*k - 2*k - 2. Let v be ((2/(-4))/k)/(2/140). What is the tens digit of ((216/10)/3)/((-7)/v)?
3
Let i(k) = 225*k**2 - 6*k + 12. Let t be i(4). Suppose 14*g - 6716 = t. What is the tens digit of g?
3
Let h be (29/(-29))/((-2)/38 + 0). Suppose 0 = -12*s + h*s - 14. Suppose -s*d = -5*d + 537. What is the tens digit of d?
7
Let m be (17*6/(-12))/((-3)/714). Suppose -5*n + m = 2*b, -2*b - 4*n + 1178 = -848. What is the tens digit of b?
1
Suppose 6424*n + 2391970 = 6459*n. What is the ten thousands digit of n?
6
Suppose -3*r - 8 + 26 = i, -3 = -i. Suppose -6*q = -r*q - 10. Suppose 5*p + 830 = q*p. What is the units digit of p?
6
Suppose -306*y + 308*y = -4*n + 27224, y = -4. What is the thousands digit of n?
6
Suppose 0 = -3*i + 12, -1 + 6 = 3*c - i. Suppose 4*z - 540 = k, -c*k = 5*z - 10*z + 668. What is the hundreds digit of z?
1
Suppose 3*a - 3444 = -3*a. Let y = 981 - a. Let r = -175 + y. What is the hundreds digit of r?
2
Let a be 1/(0 + -2)*4. Let s = 1062 - 1006. Let d = a + s. What is the tens digit of d?
5
Let l(a) = -2*a**2 - 48*a + 164. Let p be l(-27). Let o(x) be the second derivative of 3*x**5/10 - 2*x**3/3 + x. What is the units digit of o(p)?
0
Suppose -o + 3570 = 3*m, 5*o + 10670 = 8*o - m. Suppose -2*a - 170 + 2545 = z, o = 3*a + 3*z. What is the tens digit of a?
8
Let g = 17502 + -13729. What is the thousands digit of g?
3
Let n(s) = 259*s - 165. What is the hundreds digit of n(5)?
1
Let v = 26096 - 5067. What is the tens digit of v?
2
Suppose -868 = -3*s - 4*s. Let g be (s + -1)*(1 + 3/(-9)). Suppose -126 + g = -2*j. What is the units digit of j?
2
Let v(l) = -25*l + 23825. What is the tens digit of v(0)?
2
Let w(d) = 8*d**2 - 16*d + 30. Let z be w(2). What is the hundreds digit of ((-2532)/(-30))/(12/z)?
2
Suppose -4 = 9*b - 11*b. What is the tens digit of 2 + (68 + -1)*(7 - b)?
3
Let c(h) = -9*h - 4*h + 2*h - 2*h. Let t be c(-4). What is the units digit of (-2)/8 - (-3081)/t?
9
Let t = 2 + -38. Let w be -3*40/t*(-381)/(-2). Suppose 3*m + 667 = 5*a, -5*a + w = 7*m - 2*m. What is the units digit of a?
1
Let q(r) = 2*r**3 + 58*r**2 + 18*r - 131. Let f(j) = j**3 + 30*j**2 + 8*j - 65. Let n(p) = -7*f(p) + 4*q(p). What is the tens digit of n(-14)?
7
Let n(s) = -8*s - 38. Suppose 5 = -3*r - 10. Let m be n(r). Suppose 0 = g - f + m*f - 216, g = f + 214. What is the tens digit of g?
1
Let f(l) = 64*l**3 - 12*l**2 - 40*